
4
Let j = -287 - -507. What is the tens digit of j/16 + (-1)/(-4)?
1
Let o(s) = -s**2 - 7*s + 9. What is the units digit of o(-7)?
9
Let r = 10 - 7. Let y = 17 - r. Suppose -5*v + y + 1 = 0. What is the units digit of v?
3
Let s(v) = 3*v - 7. Suppose 3*u + 1 = 7. Let h(g) = g**3 - 2. Let z be h(u). What is the units digit of s(z)?
1
What is the units digit of (5 + -4)*(-39)/(-1)?
9
Let v = 8 + -4. Suppose -47 - 9 = -v*p. What is the tens digit of p?
1
Let r(t) = -38*t + 13. Let f(k) = -19*k + 6. Let j(i) = -5*f(i) + 2*r(i). Let u be j(3). Suppose u - 13 = 4*b. What is the tens digit of b?
1
Suppose 2*d + 2*m - 172 = -0*m, 3*d - 240 = 3*m. Let h = d - 53. What is the tens digit of h?
3
Suppose 0 = -2*a - i - i + 44, 3*i - 88 = -4*a. What is the units digit of a?
2
Let h(y) = -9*y**3 + 3*y**2 - y - 1. Let x be h(2). What is the units digit of x/(-6) + (-2)/(-4)?
1
Suppose 5*j - y - y = -23, 0 = 5*j + 5*y - 5. Let p = 0 - j. Suppose -2*b - 6 = -p*z, 2*z + 0*z + 4*b = 4. What is the units digit of z?
2
Let d = 8 - 6. Suppose 2*l = d - 6. What is the units digit of (-6)/(-4)*-3*l?
9
Let s = -290 + 525. What is the units digit of s?
5
Let t(i) = -2*i**3 - 3*i**2 - 3*i - 4. What is the units digit of t(-2)?
6
Let d = 48 + -46. What is the units digit of d?
2
Suppose -4*f + 12 = -8. Let b(z) = z**3 + 4 + 3*z**2 + 6*z**2 - f*z**2. What is the units digit of b(-4)?
4
Let l(v) = -5*v**3 - 4*v**2 - 6*v - 3. Let q(r) = -r**3 - r - 1. Let b(a) = l(a) - 4*q(a). What is the units digit of b(-4)?
9
Let g = -59 + 83. What is the tens digit of g?
2
Let i be (-5)/(-1 + 12/9). Let k = i + 21. What is the units digit of (3/k)/((-2)/(-8))?
2
Suppose 3*i - 81 = 75. What is the units digit of i?
2
Let l = 1 - 7. Let z(n) = -n**3 - 6*n**2 - 6*n. What is the units digit of z(l)?
6
Let a = -25 - -75. Suppose -4*c + a = -0*c + 5*d, 5*c + d - 52 = 0. What is the units digit of c?
0
Let r(q) = -q + 11. Let d be r(9). Suppose 8 = -0*j + d*j. What is the units digit of j?
4
Suppose -10 = -4*i - i. What is the units digit of i?
2
Let l be (6/(-15))/(1/(-5)). Suppose 3*o - 5*w - l = 0, 6*o - 2*o + 5*w - 26 = 0. What is the units digit of o?
4
Suppose -132 + 447 = 5*z. What is the units digit of z?
3
Let b = 2 + 2. Suppose -u = b*o - 12, 5*o + 74 = 5*u - 36. What is the units digit of u?
0
Suppose -f - 3*a - 3 = f, 2*f - 2 = 2*a. Suppose -5*x + 27 = 2*n, 5*n + x + f*x - 79 = 0. What is the units digit of n?
6
Let w(i) = i**2 - 7*i + 1. Let p = 5 + -15. Let f be 2 + -2 - (3 + p). What is the units digit of w(f)?
1
Let w = -15 - -27. Let q = 8 - 8. What is the units digit of (q + w)*(-4)/(-6)?
8
Let a(n) = 165*n**2 + 2*n + 2. What is the tens digit of a(-1)?
6
Let c = 9 + -6. Let q(n) = 0*n**3 - 3 - n - 2*n - 2*n**c - 3*n**2. What is the units digit of q(-2)?
7
Suppose -301 = -3*i + 10*s - 6*s, 455 = 5*i + 5*s. What is the units digit of i?
5
Let j be 2 + 6 + -1 + -2. Suppose -j*l + 3 + 17 = 0, 0 = -2*m - 5*l + 28. What is the units digit of m?
4
Suppose 2*m + 30 = -4*a, -m + 33 = -3*a + m. Let p = a + -13. Let y = -14 - p. What is the units digit of y?
8
Let i(x) = -10*x. Let q be i(1). Let z(g) = -g + 8. Let v be z(6). What is the units digit of (-85)/q - 3/v?
7
Let b be 12/2*3/6. Suppose -5*u = f - 50, -b*u = -7*u + 20. Suppose -5*d - f = -10*d. What is the units digit of d?
5
Suppose -19 + 1 = -3*b. Suppose g - b = -c - 0*g, g + 10 = 3*c. Suppose r = -4*w + 23, -c*w - 7*r = -3*r - 8. What is the units digit of w?
7
What is the hundreds digit of (-1)/1*6/((-24)/604)?
1
Let u = -150 - -249. What is the units digit of u?
9
Suppose 30 = -4*m + 146. Let u be m/5 - 5/(-25). Suppose 0 = -2*o - 0 + u. What is the units digit of o?
3
Let p = 885 + -573. What is the hundreds digit of p?
3
Suppose 65 + 79 = 8*w. What is the units digit of w?
8
Let t = 26 + 40. Suppose -5*n = -89 - t. What is the tens digit of n?
3
Suppose 0*p - 5 = -5*p. Let t(u) = -u**3 + u**2 + u + 2. Let i be t(2). Let y = p + i. What is the units digit of y?
1
Let s = 24 + -29. What is the tens digit of (s + 1)*17/(-2)?
3
Let k(v) = v**3 - 13*v**2 - 10*v - 22. What is the tens digit of k(14)?
3
What is the tens digit of -1 + (57 - (4 + 0))?
5
Suppose l - 5*c = -c + 13, -4*l + 26 = -3*c. Let t(f) = 7*f + 2. Let b be t(5). Suppose 0 = -a - l*o + b, -4*a + 22 = -2*o - 16. What is the units digit of a?
2
Suppose 19*j + 168 = 22*j. What is the tens digit of j?
5
Let k(i) = i**2 + 12*i - 28. What is the tens digit of k(7)?
0
Suppose -19*c + 880 = -15*c. What is the hundreds digit of c?
2
Let h(v) = 3*v - 9. Suppose -18 = -3*z + 3*u, 6*z - 45 = 2*z - 3*u. What is the units digit of h(z)?
8
Suppose 0*f = -2*f + 10. What is the units digit of f?
5
Let a(s) = -s**3 + 10*s**2 - 5*s - 4. Let k be a(9). Suppose -19 = -3*p + k. What is the units digit of p?
7
Let n = -7 - 31. Let l = n - -53. What is the tens digit of l?
1
Let q be ((-6)/(-5))/((-6)/(-100)). Suppose 0 = -4*k + 2*g + 20 - 0, 0 = -5*g - q. Suppose -5*t + 2 = -k*r - 0, 4*r = -t + 28. What is the units digit of r?
6
Let r = 54 - -54. What is the units digit of r?
8
Suppose -2*w + 3*v - 2 = 0, -v = 4*w - 2*v - 16. Suppose 0 = -w*n + 3*n - 10. Let i = 15 + n. What is the tens digit of i?
1
Let i(o) = -2*o + 3. Let u be i(-6). Suppose 6*x = 4*x - 4*l - 6, 5*l + u = 0. What is the units digit of 3/x*3*1?
3
What is the tens digit of 1/8 - 3781/(-152)?
2
Let r be (-9)/(-2)*(-2)/(-3). Let h(w) = -3*w - 4. Let m be h(-3). Suppose m - r = n. What is the units digit of n?
2
Suppose 0 = -5*p + 1077 + 113. What is the hundreds digit of p?
2
Suppose 5*l - c = -37, 8*c - 15 = l + 4*c. Let d = l + 24. What is the units digit of d?
7
Suppose 200 = 85*v - 83*v. What is the hundreds digit of v?
1
Let g = 17 + -9. Suppose 5*r = 3*i + 3*r - 11, 4*i = -4*r + g. What is the units digit of i?
3
Let j = -64 + 153. What is the units digit of j?
9
Suppose 369 + 54 = 9*v. What is the units digit of v?
7
Let h be 0/(1/(-1))*1. Suppose 4*f - 3*z + 4 + 0 = h, -4*z + 16 = 0. What is the units digit of f?
2
Let l = -4 - -23. What is the tens digit of l?
1
Let v = 4 - 3. What is the units digit of 0*(-1)/(-3) + v?
1
Suppose 0 = -l - l + 24. Suppose -16 - l = -4*k. Let a(w) = -w**3 + 6*w**2 + 8*w - 4. What is the units digit of a(k)?
3
Suppose -4*i + 28 = 8. Suppose 3*n - 9 = -2*o + i*o, -4*o = -8. What is the units digit of n?
5
Suppose 2*o = 5*y + 464 + 2, 0 = -3*o + 4*y + 699. What is the units digit of o?
3
Suppose 0*c - 20 = -2*a - c, c = 0. What is the units digit of a?
0
Let u be (-20)/(-6) - 8/(-12). Suppose u*v + 0*v = 12. What is the units digit of v?
3
What is the units digit of 1 + 5 - (-2 - -1)?
7
Let q be 1/(-4)*-4 + 2. Suppose 126 = q*c + 4*b, -3*c = -2*b - 200 + 74. What is the units digit of c?
2
Suppose 215 = 5*v - 5*r, 3 = 2*r - 5*r. Suppose -5*w + 20 = 2*t - 3*w, -3*t + v = -3*w. What is the units digit of t?
2
Let t(o) = -3 + o + 1 - 2*o**3 + 3. Let r(f) = f**2 - 4*f - 7. Let s be r(5). What is the units digit of t(s)?
5
Let d be 38/6 - 2/6. Suppose -s + 21 = -d. What is the tens digit of s?
2
Suppose 2*w + 0*w - 40 = 0. What is the units digit of w?
0
Let t be 6/(0 - 3) - -4. Suppose 10 = t*m + 2*z, 5*m - z = -5*z + 23. What is the units digit of m?
3
Let r = 62 + -42. What is the tens digit of r?
2
Let p(v) = v**2 - 2*v. Let o be p(3). Suppose -2*r - 4 = 0, q + o*r + r = -5. Let y = q + 4. What is the units digit of y?
7
Let v = -16 + 8. Let c be -2 - 0 - 0 - v. What is the units digit of c/8 - (-2)/8?
1
Suppose 334 + 106 = 10*t. What is the tens digit of t?
4
Suppose 7*c - 2*c = -4*o + 38, 10 = 5*c. What is the units digit of o?
7
Let y(m) = 31*m + 25. Let l(r) = 6*r + 5. Let c(k) = 11*l(k) - 2*y(k). What is the tens digit of c(6)?
2
Suppose -11 - 16 = -3*t. Let r(a) = -2 + 2*a + 14 - 3*a. What is the units digit of r(t)?
3
Suppose -5*z + 3*l = 11, 3 = -2*z + 3*z + 2*l. Let j(d) = 14*d**2 - 1. What is the units digit of j(z)?
3
Let j be 5/(-2)*84/7. Let a = j - -70. What is the units digit of a?
0
Suppose 0 = 5*h - 4 - 21. Suppose h*z - 100 + 36 = -4*i, 0 = 2*i - 2*z - 50. What is the units digit of i?
1
Suppose 331 = 3*f + 5*s, f + 4*s = -0*f + 122. Suppose f = d + 2*d. What is the tens digit of d?
3
Let u = -91 - -173. What is the units digit of u?
2
Suppose 0*s - 180 =